lculate the greatest common factor of 320 and 30880.
160
Calculate the greatest common factor of 252 and 144.
36
What is the greatest common factor of 2183 and 59?
59
Calculate the greatest common divisor of 144 and 11664.
144
Calculate the greatest common factor of 143 and 273.
13
What is the highest common divisor of 44 and 11?
11
What is the greatest common factor of 16 and 752?
16
Calculate the greatest common factor of 464 and 1102.
58
Calculate the highest common divisor of 803 and 1095.
73
Calculate the greatest common factor of 21 and 2721.
3
What is the highest common factor of 268 and 1139?
67
Calculate the highest common factor of 320 and 760.
40
Calculate the greatest common factor of 32 and 416.
32
Calculate the highest common divisor of 30 and 480.
30
Calculate the greatest common factor of 8503 and 11.
11
What is the highest common divisor of 940 and 90?
10
What is the greatest common factor of 4004 and 13?
13
What is the highest common divisor of 1200 and 96?
48
What is the highest common factor of 209 and 38?
19
What is the highest common factor of 153 and 63?
9
What is the highest common factor of 11750 and 100?
50
What is the greatest common divisor of 61 and 96075?
61
What is the greatest common divisor of 8 and 1904?
8
What is the greatest common factor of 146 and 5402?
146
What is the highest common divisor of 44 and 9218?
22
Calculate the highest common divisor of 98 and 19502.
98
Calculate the highest common divisor of 171 and 342.
171
What is the greatest common factor of 209 and 33?
11
Calculate the highest common factor of 5 and 2315.
5
What is the highest common factor of 2 and 128?
2
Calculate the highest common factor of 84 and 532.
28
Calculate the greatest common factor of 917 and 7.
7
Calculate the greatest common factor of 75 and 213.
3
Calculate the highest common factor of 52 and 28.
4
What is the greatest common divisor of 693 and 252?
63
Calculate the highest common divisor of 2178 and 90.
18
What is the highest common factor of 273 and 2041?
13
What is the greatest common divisor of 12864 and 576?
192
Calculate the greatest common divisor of 216 and 135.
27
What is the highest common divisor of 255 and 289?
17
What is the greatest common factor of 4838 and 236?
118
Calculate the highest common divisor of 22 and 32.
2
Calculate the highest common factor of 1 and 14.
1
What is the greatest common factor of 486 and 297?
27
What is the greatest common divisor of 2275 and 91?
91
What is the highest common divisor of 18 and 9?
9
Calculate the highest common factor of 5123 and 654.
109
Calculate the greatest common divisor of 35008 and 8.
8
What is the greatest common factor of 31349 and 46?
23
What is the highest common factor of 4 and 804?
4
What is the greatest common divisor of 1 and 4?
1
Calculate the greatest common factor of 237 and 5451.
237
What is the highest common factor of 297 and 198?
99
Calculate the highest common divisor of 540 and 432.
108
What is the greatest common divisor of 2461 and 161?
23
Calculate the greatest common divisor of 323 and 171.
19
Calculate the greatest common factor of 3 and 27.
3
What is the greatest common divisor of 108 and 12?
12
Calculate the highest common factor of 12616 and 152.
152
Calculate the highest common factor of 51 and 96.
3
Calculate the greatest common divisor of 575 and 46.
23
Calculate the highest common factor of 71 and 1.
1
Calculate the greatest common factor of 205 and 5.
5
What is the highest common divisor of 850 and 70?
10
What is the greatest common factor of 49 and 14?
7
What is the highest common factor of 160 and 170?
10
Calculate the highest common divisor of 12 and 8796.
12
What is the greatest common divisor of 13 and 143?
13
What is the greatest common divisor of 18 and 144?
18
Calculate the greatest common factor of 9 and 57.
3
What is the highest common divisor of 6017 and 11?
11
Calculate the highest common factor of 5187 and 114.
57
Calculate the greatest common divisor of 260 and 20.
20
Calculate the greatest common factor of 46 and 3266.
46
What is the highest common factor of 273 and 234?
39
Calculate the greatest common factor of 496 and 31.
31
Calculate the greatest common factor of 485 and 194.
97
Calculate the greatest common divisor of 3159 and 54.
27
Calculate the highest common divisor of 1052 and 4.
4
What is the greatest common factor of 44 and 418?
22
What is the highest common divisor of 1635 and 60?
15
Calculate the greatest common factor of 75 and 50.
25
What is the highest common divisor of 100 and 175?
25
Calculate the greatest common divisor of 1280 and 7200.
160
Calculate the highest common factor of 50 and 29750.
50
What is the greatest common divisor of 7 and 149?
1
Calculate the greatest common factor of 1930 and 230.
10
Calculate the greatest common factor of 29 and 638.
29
What is the highest common divisor of 95 and 323?
19
Calculate the highest common divisor of 1125 and 125.
125
Calculate the highest common factor of 6236 and 2.
2
Calculate the highest common divisor of 8614 and 292.
146
What is the greatest common factor of 106 and 2226?
106
Calculate the greatest common divisor of 14 and 259.
7
What is the highest common factor of 315 and 63?
63
Calculate the highest common divisor of 24 and 48.
24
Calculate the highest common divisor of 75 and 3.
3
Calculate the greatest common divisor of 4938 and 6.
6
What is the greatest common divisor of 3495 and 15?
15
Calculate the greatest common divisor of 2940 and 60.
60
What is the highest common divisor of 216 and 792?
72
Calculate the highest common factor of 541 and 2.
1
Calculate the greatest common divisor of 14 and 4.
2
What is the highest common factor of 26 and 286?
26
Calculate the greatest common divisor of 266 and 126.
14
Calculate the greatest common factor of 32 and 144.
16
Calculate the greatest common factor of 120 and 15.
15
What is the greatest common factor of 720 and 768?
48
Calculate the highest common factor of 598 and 115.
23
Calculate the greatest common divisor of 378 and 28.
14
Calculate the greatest common factor of 812 and 28.
28
What is the highest common factor of 366 and 427?
61
Calculate the highest common factor of 1275 and 1785.
255
What is the highest common divisor of 658 and 343?
7
Calculate the highest common factor of 4527 and 18.
9
Calculate the highest common factor of 462 and 126.
42
What is the greatest common divisor of 208 and 520?
104
Calculate the highest common factor of 1927 and 94.
47
What is the greatest common divisor of 1425 and 510?
15
What is the highest common factor of 22 and 704?
22
What is the highest common factor of 2200 and 748?
44
Calculate the greatest common divisor of 378 and 406.
14
Calculate the greatest common divisor of 407 and 111.
37
Calculate the highest common divisor of 104 and 16.
8
What is the highest common factor of 105 and 13755?
105
Calculate the greatest common factor of 70 and 63.
7
Calculate the greatest common divisor of 14 and 1421.
7
What is the greatest common divisor of 567 and 27?
27
What is the greatest common factor of 3422 and 174?
58
What is the greatest common factor of 608 and 12?
4
What is the highest common factor of 351 and 52?
13
What is the highest common factor of 40 and 316?
4
What is the highest common factor of 12 and 16?
4
What is the highest common factor of 128 and 2?
2
What is the highest common divisor of 650 and 3302?
26
What is the greatest common factor of 243 and 351?
27
What is the highest common divisor of 31 and 22847?
31
What is the greatest common factor of 7 and 49?
7
Calculate the highest common divisor of 156 and 15756.
156
What is the highest common divisor of 1743 and 21?
21
Calculate the greatest common factor of 8 and 68.
4
Calculate the greatest common factor of 22 and 297.
11
What is the highest common factor of 4136 and 352?
88
What is the greatest common divisor of 49 and 5047?
49
Calculate the greatest common factor of 1247 and 43.
43
What is the greatest common factor of 8916 and 12?
12
Calculate the greatest common divisor of 33180 and 105.
105
Calculate the greatest common factor of 83 and 40753.
83
Calculate the greatest common factor of 11 and 121.
11
What is the greatest common factor of 126 and 2178?
18
What is the highest